8 - -21) - 54.
-45
Evaluate 4 + -2 - (-2048 - -2052).
-2
What is the value of 221 - -5 - 221 - (-42 - (0 + 1))?
48
Evaluate (59 - -64) + (5 - 33) - -12.
107
What is the value of -6 - (-2 - 3 - -2) - (40 + -2 + -29)?
-12
(3 - (24 + 10)) + 6
-25
Evaluate 89 + (33 - 137) - (0 + 1 + -67).
51
Calculate -2 + -5 + (-14 + -5 + 4 + 15 - 0).
-7
Calculate -26 + 132 + -52 + -62.
-8
Evaluate 27 + (2 - (-20 + 21 + 2 + 5)).
21
Calculate -59 + 52 - 81 - -86.
-2
-3 + (-37 - -23 - -9) + 4 + 13
9
18 - 18 - -1 - (-73 + 14 + 14)
46
Evaluate 104 + (-110 - (33 - 44)).
5
-84 + (7 + (-4 + (-13 - -27) - 8) - 19)
-94
(-131 - -84) + (-20 - (9 - 22)) + 27
-27
What is -2 + 12 + -2 - (50 + (41 - 163) + 15)?
65
Evaluate (23 - 19) + -20 - -21 - -28.
33
What is the value of 22 - -1 - (65 + -1 + 12)?
-53
What is the value of 154 + -109 - 109 - -37?
-27
What is the value of (52 - (23 - 6)) + -36?
-1
Calculate (-699 - -639) + 55 + 3.
-2
Calculate -6 - (-10 - -5) - 4 - (-11 + 4).
2
What is the value of -53 - ((-9 + -21 - -7) + 28)?
-58
Calculate (6 + -5 - 5 - -2 - -30) + 269 + -281.
16
What is 52 + (3 - 3 - (0 - 1)) + (-1482 - -1483)?
54
Evaluate -57 + 56 + 32 + -26.
5
What is the value of -69 - (33 + -28 + 22) - -37?
-59
Evaluate 9 + (11 - 16 - (-4 + 11 + (3 - 5))).
-1
-36 + 120 + -92 + 39
31
Evaluate 2 + 47 + -1 + (-84 - 7 - -82).
39
What is the value of -22 + 1 + -88 + 63 - 5?
-51
Evaluate -19 + 39 + 0 + 60 + 29.
109
What is the value of 28 - ((-72 - -58) + (4 - -7) - 1)?
32
Calculate (-6 - (-66 - -6)) + (-4 - 6) + -3 + 12.
53
What is -8 + (71 - (-3 + (-9 - -31 - 10)))?
54
What is -1 - -29 - (-3678 - -3690)?
16
Evaluate (-187 - (-158 - -76)) + 83.
-22
Evaluate -76 - ((-5 - 5 - -14) + -18 - -6).
-68
Calculate 39 + 43 + -81 + (-52 + -3 - 1).
-55
Calculate -554 + 575 + (1 - 1 - 1) + -1.
19
-37 - ((84 - (59 - 28)) + -17)
-73
What is -1 - -10 - (-14 + (15 - (-18 + 6 - -12)))?
8
What is the value of 3 + (-30 - -44) + (19 - 16) + -1 + 2?
21
What is -2 - -17 - (-93 + (90 - 27))?
45
What is the value of (-26 + -11 - (1 + 12)) + -2 + -4?
-56
Evaluate -32 + (3 + 1 - 1) + (-12 - (9 - 24)).
-26
What is the value of (-120 - 0) + 0 + -15 + -105 + 134?
-106
Calculate -62 + (-15 - -65) + (2 - -9) + (45 - 0).
44
(-35 - -2 - -17 - -14) + (-3 - -1) + 56
52
Calculate 218 + -74 + -213 - -11.
-58
Evaluate 74 + -38 + (9 - (-20 - -4)).
61
Calculate -25 - (-16 + 47 + -58).
2
What is (19 - -10) + -48 - (-4 - 35)?
20
Evaluate (-598 - -607) + -1 + 17 + 38.
63
What is (-38 + (-17 - -52) - (-2 + -8)) + -27 + -1?
-21
(-21409 - -21418) + -1 + -10 + -1 + 130
127
What is the value of 7 - ((-27 - (22 + -5)) + (12 - 0))?
39
What is the value of (-104 + -292 - -393) + (1 - 1) + -1?
-4
What is (1432 - 1373) + -3 + -23?
33
What is (120 - (-28 + 133)) + (1 - -47)?
63
(16 - (4 - 6)) + (87 - 26) + -9
70
19 - (25 + (55 - 84))
23
Calculate -22 - (-24 + 61 + 14 + -35).
-38
28 - (25 - (-20 + 15 - -18)) - -73
89
What is the value of 1 + -6 + 4 - (19 - (24 + -52))?
-48
Evaluate 5 + -93 + 26 + (-4 + 3 - (-17 + 2)).
-48
What is the value of -5 + -1 - (-39 + (-37 - -23) - -8)?
39
Evaluate 3 - 1 - ((0 - (-5 - 14)) + 54).
-71
What is 7 + -2 + -47 + (22 - 22)?
-42
-3 + (-7 - (9 + (16 - 13) + 10))
-32
58 + ((-9 - -21) + -10 - (19 + -34))
75
What is -7 + -5 + -7 + (-36 - -39)?
-16
(-1 - -2 - 0) + 29 - (-168 + 179)
19
What is the value of -4 + (4 - (-12 - (-16 - 5 - -2))) + -8?
-15
What is -4 + 4 - (11 - -14) - -64?
39
What is 92 - (-45 + 55 + 159)?
-77
What is -3 + -11 + (1144 - 1033)?
97
(-36 - -43) + (0 - -3) + (-5 + 9 - -2)
16
Calculate 82 + -193 + 79 - 37.
-69
What is the value of -154 - (159 - 301) - (-37 + -2)?
27
Evaluate 83 + -35 + -6 + -25.
17
What is the value of 512 - 493 - (-13 + -20)?
52
What is (-40 - (-33 - -28 - 23) - (1 + -19)) + 61?
67
Evaluate 11 - ((-20 - (14 - 19 - 7)) + 15).
4
What is the value of 35 + 77 + -19 - 27?
66
Calculate (13 + -8 - (-4 - -3)) + 2 + -79.
-71
What is the value of -10 + (-95 + (-3 - -1) - (-60 - (-61 + 9)))?
-99
Calculate -15 - (-1 + -6 + (-70 - -63) - 102).
101
94 - (-307 + 152) - 134
115
What is the value of (-1 + -10 - (2 + -5)) + (11 - 24)?
-21
3 - (-12 - 113 - -63)
65
Calculate (-8 + -10 - -29 - 22) + 14 + 1 + 86.
90
What is -50 + (26 - 27 - -67)?
16
Calculate (78 + -36 - 40) + -90.
-88
What is (24 - 78) + 49 + -68?
-73
What is the value of -27 - (-20 + 78 + -30 + -28)?
-27
-50 + 21 - -114 - 4
81
Evaluate -108 - (106 + 91 + -217).
-88
What is the value of 4659 + -4668 - (-88 - 0 - -3 - (3 - 6))?
73
What is the value of -73 - -13 - -63 - 58?
-55
Evaluate 33 + -6 + 42 + -57.
12
Evaluate (-2 - -3) + 4 + (4 + -23 - 2) - 10.
-26
Evaluate (1153 - 1140) + (2 - 57) - (1 - 16).
-27
What is the value of (-25 - 19) + 38 + -6 + -4 + 4?
-12
What is -18 - ((40 + -3 - 22) + 21)?
-54
-16 - 13 - (-12 + -1 + -13)
-3
Evaluate 2 + -26 - (-12 - -7) - (-271 + 264) - -88.
76
Calculate 58 - 171 - -98 - (1 - -20).
-36
Evaluate 120 + 51 + 77 + -213.
35
34 - (-1 - (-31 + 17)) - -24
45
Evaluate -8 + (-13 - -7) + 62.
48
What is the value of 17 + 5 - (-1 - 8) - -12?
43
Calculate (102 - 159 - -152) + -194.
-99
What is -98 + -111 + -20 + 142?
-87
Calculate 77 + (-48 - 25) - (65 - -1).
-62
Calculate (35 - -2) + -236 + 245 + -14 + 0.
32
What is 94 + -135 + 93 + (-1 - -3) + 3?
57
Calculate -23 + (-71 - -17 - -42).
-35
-14 + (-21 + 7 + -26 - -8)
-46
-1 - 25 - (5760 + -5713)
-73
What is 56 + 17 - (-208 - -288)?
-7
Calculate -16 + (19 - 1) + 5 - (9 + (5 - -1)).
-8
What is 25 - (-26 + (-3 - -58))?
-4
Evaluate (-3 - 0) + (-18 - -9) + -15 + 26.
-1
What is 18 + (-35 - -4 - -8) - -19?
14
-10 + -14 + 0 + 5 + 22 + 54
57
Evaluate (-190 - -129) + 35 + (65 - 0).
39
What is -3 - (41 - (70 + -29))?
-3
What is the value of -87 - ((-58 - -109) + -163)?
25
Evaluate -46 - (-25 - (30 - -12)) - 88.
-67
-6 + 1 + (-329 - -336) - 11
-9
Calculate -21 + 29 - (5 + -5 + (-14 - 0)).
22
What is the value of 66 + (2 - 3 - (-72 - -65)) + -14 + 25?
83
24 - (24 - -30) - (-8 - (-1 - -3))
-20
What is the value of (-45 - -28) + 23 + (-27 - -2) + -12?
-31
-2004 + 1950 - (0 + (-4 - 0))
-50
What is (-1 - -1) + (-33 - (-19 + -34 + 32)) - -49?
37
What is 715 - 716 - (0 + 24)?
-25
(12 - 4 - 99) + 19 + -15
-87
What is 9 + 1 + (2970 - 3001) + 76 + 2?
57
What is the value of (1 + -4 + -9 - (22 - 12 - 78)) + -5?
51
What is the value of 6 - -2 - (136 + -90)?
-38
Evaluate 61 - (-70 + 46 + 37).
48
What is (-1 - 12) + (-92 - (3 - 6)) + (-1794 - -1821)?
-75
15 + 1 - (-26 - 36 - -39)
39
Calculate (3 - (18 + -16)) + (-3 - (1 - (6 - 2))).
1
What is the value of 0 - (2 + -3 + 14) - (-4953 + 4968)?
-28
Evaluate -15 - (9 + (-21 - -8) - (-4 + -1)).
-16
What is -114 + 256 - (-13 - -123)?
32
What is the value of (5 - 3) + 7 - -69 - (162 - 172)?
88
-3 + 55 + -45 - (-1 - -58)
-50
Calculate (-18 + -22 - 4) + 83 + -111.
-72
Evaluate 148 + -168 + (-9 - -19) + (-5 - (0 - 1)).
-14
Calculate 56 - 18 - 31 - (2 - (1 - 7)).
-1
Calculate 9 + -8 + -18 + (52 - 16) + 7 + -2.
24
What is -1182 + 1239 - (16 + 3 - 2)?
40
What is the value of (23 - (50 - 4)) + (-4 - (-3 - -19))?
-43
Calculate (-3421 - -3448) + 2 + -125.
-96
Calculate 59 - (14 - 28 - (-20 + -2)).
51
Calculate (0 - -38) + (-5 - (-26 + 73 + -58)).
44
What is 1 - -155 - (429 + -401) - (-8 + (-2 - -5))?
133
-90 - (-113 - -20 - 104)
107
-17 - (-22 - -9 - (4 + -24))
-24
What is the value of 112 + -79 + 28 - 82?
-21
What is 6 - (-11 - (4 + -39 - -9)) - (-1 - 83)?
75
Evaluate 39 - (6 + 2 - (-16 - (-6 - 17))).
38
What is ((37 - 41) + (1 - -1) - 8) + 0 - -8?
-2
What is 11 - (32 + -2 - (-32 - (-15 + -8)))?
-28
Evaluate -3 - 1 - (-3530 - -3539) - -130.
117
What is the value of 3 + -5 + 0 + 56 + -8 + -4 + -1?
41
What is the value of (3 - 6) + 11 + 8 + -70 + 2?
-52
(8 + -19 - (-3 - 3)) + (-33 - -9)
-29
What is (-180 - -83) + 42 + -1?
-56
(2 - (109 - (0 + -2))) + (161 - (-108 + 263))
-103
121 + -8 + (54 - 49) + -1
117
Evaluate -32 + 3 + 1 + (3018 - 3025).
-35
What is the value of -48 + (-11 + 23 - (16 - -25))?
-77
What is -136 + -14 - -73 - -19?
-58
What is 35 - (56 + (-11 - 11)) - -25?
26
What is the value of 7 + -15 + (-8 - -15) + (-6 - -16)?
9
Calculate (96 - 109) + (13 - 1) + 1 + -10 - -2.
-8
What is the value of (6 - (0 - -6)) + (0 + -8 - 1) + 1?
-8
What is (-7 - ((-23 - (-2 + -17)) + -15)) + -10 + 1?
3
-3 + (-14 - -4) - 6
-19
(7 - (13 -